6549 - -1?
13976550
In base 3, what is -122111 - -2021112012?
2020212201
In base 13, what is 4a9a - -8b93?
10960
In base 2, what is 11000110100000001 - 10010001111?
11000100001110010
In base 7, what is -5330445313 + 11?
-5330445302
In base 3, what is -2112000001 + -101020220?
-2220020221
In base 16, what is -8 + -2eb26c?
-2eb274
In base 6, what is -321502 + 235?
-321223
In base 16, what is -4d + -3324e?
-3329b
In base 4, what is -2322 - 10033333?
-10102321
In base 10, what is -1 + 46005851?
46005850
In base 12, what is 2584926 - 19?
2584909
In base 7, what is 21221346 + -36?
21221310
In base 9, what is -1005617 - -131?
-1005476
In base 5, what is 334 - -33314421?
33320310
In base 10, what is -6 + 33044356?
33044350
In base 9, what is 26476585 - -18?
26476614
In base 2, what is -10101 + 11001001110101010011?
11001001110100111110
In base 9, what is 760 - -244311?
245171
In base 4, what is 1130 + 2233333231?
2300001021
In base 2, what is 1100010 - -1000010110000000010000?
1000010110000001110010
In base 3, what is -2011222101110 - 20?
-2011222101200
In base 7, what is 430220 + 14010?
444230
In base 13, what is 85079 + -21?
85058
In base 15, what is 1834 - 708b?
-5757
In base 6, what is -40 - 20023514?
-20023554
In base 11, what is -1 - 1136116?
-1136117
In base 8, what is 210352 - 55?
210275
In base 16, what is 33d10e - 2?
33d10c
In base 5, what is 41422340 - 11231?
41411104
In base 9, what is 150552538 - -4?
150552543
In base 13, what is -1 + -4b2b05?
-4b2b06
In base 5, what is 4 - -11102042221?
11102042230
In base 5, what is -241001203120 - 3?
-241001203123
In base 16, what is -1 + -5d08e10?
-5d08e11
In base 8, what is -22051013 - 47?
-22051062
In base 13, what is -144942 + -4?
-144946
In base 5, what is 10 - 14133023340?
-14133023330
In base 10, what is -2740 - -4287?
1547
In base 11, what is 2556 + -112300?
-10a855
In base 12, what is 8118361 - -2?
8118363
In base 2, what is 1100110110100011010 + -101?
1100110110100010101
In base 14, what is 0 + 64db975?
64db975
In base 10, what is -192885 + 97?
-192788
In base 3, what is -210112022 + 12102200?
-121002122
In base 6, what is -124454255 + -21?
-124454320
In base 3, what is 1211 + 20001222111?
20002001022
In base 8, what is 12466 - 1240?
11226
In base 8, what is 34 - -46071225?
46071261
In base 10, what is -7614 - 656?
-8270
In base 10, what is 10 - 2094715?
-2094705
In base 14, what is 1123c1 + -378?
112047
In base 11, what is 2 + -86042a0?
-8604299
In base 7, what is 4624 + 3502?
11426
In base 15, what is -c955b0d + -3?
-c955b11
In base 3, what is -120202100112010 - 1?
-120202100112011
In base 2, what is -1000101 + -10001001001111100011?
-10001001010000101000
In base 14, what is 7 + 9063d4?
9063db
In base 14, what is 28 + -167d300?
-167d2b6
In base 11, what is -28323a - -7?
-283233
In base 3, what is -122211 + 122210111022?
122202211111
In base 5, what is 1304432 + 1133?
1311120
In base 2, what is -101101100110100 - -10011111101?
-101011000110111
In base 8, what is 7 - -10062575?
10062604
In base 6, what is -24542340 - -5?
-24542331
In base 9, what is 36335 - 1688?
34536
In base 6, what is -12120002122 + -23?
-12120002145
In base 10, what is 23183329 - 10?
23183319
In base 8, what is -27 + 701606?
701557
In base 5, what is 2403421423 - 11?
2403421412
In base 15, what is -4 + -88d6da?
-88d6de
In base 13, what is 552096 - 8?
55208b
In base 12, what is 32aa70 + 11?
32aa81
In base 7, what is 1 - 13453101?
-13453100
In base 3, what is -2012 + 12021001?
12011212
In base 11, what is 5709021 - 0?
5709021
In base 12, what is 4 - 1065a23?
-1065a1b
In base 3, what is -1111 + 122100222102?
122100220221
In base 4, what is 21032000102132 + -3?
21032000102123
In base 5, what is 2301 - -421041333?
421044134
In base 4, what is 110 - -300332132122?
300332132232
In base 12, what is 4 - 34740a38?
-34740a34
In base 4, what is -313 + -1213332120?
-1213333033
In base 16, what is 66bd5 + 3d?
66c12
In base 9, what is 3 + -611580743?
-611580740
In base 4, what is 1000211222 + 310?
1000212132
In base 13, what is -1a58b97 - -9b?
-1a58ac9
In base 7, what is 3015014 + -51?
3014633
In base 13, what is -c776 + 498?
-c2ab
In base 6, what is -1010425 + 5?
-1010420
In base 8, what is 10415115 + 13?
10415130
In base 10, what is 13 - 2150986?
-2150973
In base 9, what is 518821 + -13?
518807
In base 12, what is -1574 - 907?
-227b
In base 15, what is -436 - -36488?
36052
In base 5, what is -4404 - 210310?
-220214
In base 16, what is af + -1010c5?
-101016
In base 4, what is -11320300021 - 0?
-11320300021
In base 16, what is -4191 + 1ade?
-26b3
In base 7, what is 3 + -24055214?
-24055211
In base 16, what is 6 - -11ea67?
11ea6d
In base 7, what is 0 - -56131455?
56131455
In base 10, what is -4401427 - -4?
-4401423
In base 13, what is 980b - -59c5?
12503
In base 8, what is -17 + -406360?
-406377
In base 7, what is -42022654 + -13?
-42023000
In base 13, what is 5c86a1a - -13?
5c86a30
In base 7, what is 1454151 + -1454?
1452364
In base 6, what is 1204204244 + -5?
1204204235
In base 12, what is 5a47 - 627?
5420
In base 8, what is -517671 + 20?
-517651
In base 15, what is -270ca33d - -1?
-270ca33c
In base 16, what is -4 - -ced470d?
ced4709
In base 10, what is 6 - 86351?
-86345
In base 4, what is -2 - -3030111012323?
3030111012321
In base 12, what is 343 - 1210?
-a89
In base 6, what is -243144 + 12550?
-230154
In base 14, what is 2bca38 + 2bb?
2bcd15
In base 8, what is -662 + 100721?
100037
In base 10, what is 2661 + -698534?
-695873
In base 8, what is -10651366 - -1?
-10651365
In base 7, what is -151601 + 20?
-151551
In base 7, what is 130122 + -223?
126566
In base 8, what is -6473575755 + -4?
-6473575761
In base 13, what is c4c8a84 + -2?
c4c8a82
In base 6, what is -2024303 - 32?
-2024335
In base 5, what is -141 - -34001221?
34001030
In base 5, what is -311 - 22043203?
-22044014
In base 12, what is 5 - 30a03156?
-30a03151
In base 6, what is -455 + 15134435?
15133540
In base 9, what is -2566 - 20000?
-22566
In base 2, what is 11 - 101000001100111100001?
-101000001100111011110
In base 11, what is 15 - -510727?
510741
In base 2, what is -11010011011100 - 1111100000?
-11100010111100
In base 10, what is -233180 + 97?
-233083
In base 15, what is 3e - 16359?
-1631a
In base 8, what is 146654 + 12301?
161155
In base 11, what is -156973 - -748?
-156226
In base 4, what is 220031233101021 - 3?
220031233101012
In base 12, what is 3725700a + 2?
37257010
In base 12, what is -1656009a6 - 3?
-1656009a9
In base 6, what is 413240215 + 1?
413240220
In base 13, what is -23 + 163534?
163511
In base 14, what is -164dd + -74?
-16573
In base 9, what is -7 - -2421307?
2421300
In base 7, what is -410652460 - -4?
-410652453
In base 6, what is -11212 - 1242413?
-1254025
In base 3, what is 20210010221 + 10102?
20210021100
In base 9, what is 2 + 2025685?
2025687
In base 2, what is 11100 + -11100000001100111000?
-11100000001100011100
In base 7, what is -12013 + -100565?
-112611
In base 8, what is -477777115 - 5?
-477777122
In base 9, what is 6180 - -2066?
8256
In base 4, what is 11132323031 - -10?
11132323101
In base 6, what is 2 - -134351412?
134351414
In base 13, what is 2c13ab + -5?
2c13a6
In base 12, what is b1169 + 5b?
b1208
In base 9, what is 80031 + 676?
80717
In base 12, what is -10ab6 - -3311?
-97a5
In base 6, what is 54521314 + 33?
54521351
In base 6, what is -1205 + -5305114?
-5310323
In base 16, what is 8da26 + -126?
8d900
In base 15, what is -5690 + -2db0?
-8550
In base 12, what is -48bb2 - b4b?
-49b41
In base 11, what is 218 - 13a0?
-1183
In base 13, what is -15071 - aa7?
-15b48
In base 14, what is 4c8 + -20720?
-20236
In base 12, what is 19ba5 + -86b?
19336
In base 8, what is 4764716532 + -3?
4764716527
In base 2, what is -100011000101011 - -100001000011?
-11110111101000
In base 2, what is -10101100011101111111 + -10110?
-10101100011110010101
In base 11, what is 4 + 19134264?
19134268
In base 8, what is -402764400 - -7?
-402764371
In base 12, what is -ab53935 - -4?
-ab53931
In base 9, what is -23750265 - -118?
-23750146
In base 11, what is 144076 + -6a?
144007
In base 7, what is -42 - -6234113?
6234041
In base 6, what is 42515252 - 2023?
42513225
In base 11, what is -513a8a + 9?
-513a81
In base 16, what is a8bfd4 + 4?
a8bfd8
In base 11, what is -3077 - 